 -29 - (30 - 1)?
-33
Evaluate 11 + -81 + (91 + -45 - 65).
-89
Evaluate -15 + -30 + 128 - (-2 - -39).
46
Evaluate 46 + (0 - (28 + -24)).
42
Calculate 5 + -23 + 28 + -43 - -5.
-28
Evaluate -78 + 116 + (-5 - (1 + -2 - 2)).
36
What is -51 + (-34 - -39) - -50?
4
737 + -856 - (-171 - -10)
42
(4 - -44) + 21 + -59 + 34
44
What is the value of -120 - (-62 - (27 + -35))?
-66
What is -1 + (2 - (0 - -8)) + (16 - 21) + 26?
14
3 + 3 + (2 - 10) + (69 - 20)
47
What is the value of -60 + (147 - 68) - (33 + 1)?
-15
5 - (-11 + 6 + (12 - (1 + 2)))
1
16 + 2 + (13 - 28 - (-13 - -10))
6
What is 0 + 12 - 43 - -71 - (0 + (0 - 5))?
45
What is -25 - (38 + -1 + -11 + 34)?
-85
What is -19 + (-18 - -28 - 101) + 6 - 3?
-107
What is (-19 - (-1 + 0)) + (33 - 52)?
-37
Calculate 154 + (111 - 402) + 161.
24
What is -37 + (-7 - -80) - 11 - -11?
36
Calculate (-1138 - -1235) + 29 + 1 - 34.
93
Calculate 40 - (-48 - (-54 + -47)).
-13
1 - (11 + -4) - 0 - (-29 - 9)
32
Evaluate -48 - -1 - (844 - 839).
-52
25 + 3 + 8 + (-64 - -4)
-24
Evaluate -1 - -14 - (-4564 - -4597).
-20
Calculate 0 + -11 + -43 + 110 + -80.
-24
-41 + (-37 - (-24 + -40))
-14
What is 60 - -22 - (-3 + 22 + -17 + -12)?
92
What is -1 + 0 - (-25 + 41)?
-17
Evaluate 17 + -18 + 48 + -96.
-49
Calculate (37 - -8) + (-78 - -51) + 17.
35
Calculate (3 - 2) + -29 - ((-2 - -2) + (-111 - -98)).
-15
What is 29 + -19 - (57 - 46)?
-1
Evaluate (-117 - -113) + (25 + -3 - -1).
19
What is 20 - (-41 + 11 + 66)?
-16
What is -1 - -9 - -40 - (-78 + 66)?
60
116 - (83 + 3 - 22)
52
Calculate 52 - 124 - -57 - -26.
11
What is (74 - -76) + -167 - (0 + (-1 - 35))?
19
1 + 0 + 29 + (14 - (-58 - -118))
-16
Evaluate (-8 - -12 - 22) + -3 + -10.
-31
What is -6 + 15 + (-20 - -17) + 8 + -2?
12
Evaluate 115 + -48 + -148 - 16.
-97
What is the value of -23 - ((11 + 21 - 2) + -6)?
-47
What is (9 - -3) + -2 - (18 - (-1 - (3 - 10)))?
-2
What is -7 - 5 - (-13 + 9 - 123 - -14)?
101
Calculate -3 + 38 - (-10 + 0 - -19 - -12).
14
5 - 0 - 128 - (-38 - (-8 - 18))
-111
Calculate -4094 + 4038 - (-37 + -1).
-18
Evaluate 29 - (12 + 6 + -15 + -4).
30
Calculate (-14 - (49 + -47)) + -3 + (-2 - (-3 + 2)).
-20
What is -18 + 171 + -23 + -44?
86
Evaluate (-14 - (4 - 0 - (-246 + 261))) + (-4 - -40).
33
What is (3 - -1) + (183 - 200 - (4 + -2))?
-15
Evaluate -19 - (35 + -1 + -18 - 52).
17
What is the value of (10 - 0) + (-34 - (90 + -142))?
28
What is the value of -13 + 4 + 8 + (36 - 29)?
6
Calculate 35 + (-1 - (31 - 7)) + (-3 - -9).
16
Evaluate (13 - 0) + (-80 - (-166 - -82)).
17
Evaluate 57 + (-22 - -34) + -65 - (0 - 92).
96
-12 - -39 - 19 - (-6 - (2 + -2 + -2))
12
What is the value of 127 - (37 - -129 - 126)?
87
Evaluate 89 + -5 + -36 + 49 + -39.
58
Evaluate -6 - 6 - -15 - (96 - ((-13 - -10) + 15)).
-81
What is the value of 1184 + -1175 - (-2 + -4 + 3 + 66)?
-54
What is the value of 0 - (-4 + -3) - (-9 + (25 + -34 - -30))?
-5
What is the value of (13 - 2) + (-57 - 2) + -227 + 249?
-26
Calculate -34 + 36 + 0 + -1 - -78.
79
What is the value of -3 - 1 - (-44 + 4 + -4)?
40
Evaluate 174 + -108 + -85 + 11.
-8
What is the value of 21 + -14 + (25 - 21 - (6 + 87))?
-82
(109 - -1) + (-149 + 162 - 23)
100
-2 - ((-4 + (-8 - 0) + -2 - -9) + 96)
-93
Evaluate (-4 - (20 - (19 + 0))) + 24.
19
Evaluate -8 + 0 + (95 - 81) + 45 + -6.
45
What is the value of 4 + -16 + (-2244 - -2165)?
-91
Calculate -93 - ((-106 - -97) + -100).
16
What is 0 - -2 - -37 - (-26 + -11 + 47)?
29
What is ((-24 - -27) + 10 + -16 - 6) + -73?
-82
What is 21 - (((-11 - 0) + -2 - -77) + 22)?
-65
Calculate (4846 - 4816) + -42 + 0.
-12
What is -12 + 5 + (14 + -1 + (-367 - -368) - 25)?
-18
Calculate 94 + 32 + -142 - (-47 - -2 - -2).
27
Evaluate (-1 + 0 - -44) + (21 - 0) + -1177 + 1154.
41
Evaluate -33 - 1 - -3 - (2817 - 2940).
92
What is (-29 - (-1 - 9 - 7)) + 65?
53
Calculate (1 + -24 - (-230 + 147)) + -1.
59
-29 + (-31 - -62) - (-4 + -1 + (-9 - 8))
24
What is the value of -220 + 2 + 84 + (2 + -17 - 0)?
-149
What is the value of -2 + -121 - (554 + -597)?
-80
0 - (21 - 2) - ((-226 - 11) + 336)
-118
Calculate 27 - (4 + -39 + 48).
14
(-2 - -18) + 19 + -12 + 11 + 38
72
What is 45 - 1 - (-338 + 353)?
29
What is (29 + -116 - -55) + -28 + 130?
70
What is the value of -147 + 156 - (-21 + -1 - -1)?
30
What is the value of (50 + -88 - -22) + (21 - -8)?
13
What is the value of 17 - ((-3 - 7) + 24 + -24 - -8)?
19
Calculate -48 - (-95 + (-59 - -181)).
-75
Calculate -2 + -59 + (-59 - (-59 - 24)).
-37
Evaluate 22 + -18 + (24 - -14) + -5.
37
Calculate -1068 - -1133 - (55 + 4).
6
Calculate -24 - 5 - ((-9 - 20) + 37).
-37
-8 - (-9 - 17 - -29) - (-4 + 25)
-32
What is -1 + -1 + -10 + 22 + (-32 - (-2 - -3))?
-23
2 + -12 + 1 + 39 + (-41 - -14) + 59
62
What is 4571 + -4586 - (43 - -2)?
-60
What is 58 - (52 + -16 + 14)?
8
What is the value of (2110 - 2188) + (-1 - -11)?
-68
What is the value of 112 - (111 - (-3 - -104))?
102
What is 1010 - 1039 - ((5 - 48) + 7)?
7
What is -72 + 46 - (9 + (-11 - 13) + -3)?
-8
What is the value of 4 + -24 + 21 - (-1 + -3)?
5
Evaluate (40 - (-12 - 12)) + (1 - (5 + (-9 - -3))).
66
What is -42 + (59 - 8) + (3 - -2 - 1 - 60)?
-47
(-43 - -18 - 0) + (3 - -1)
-21
What is -98 - (-25 + 15 + -2 + (8 - (9 + 1)))?
-84
Calculate (7 - 0 - (-405 + 402)) + -102.
-92
What is the value of 25 - (-2 + 10 - (214 + -229))?
2
What is the value of -1 - 96 - (-503 - -452)?
-46
What is (-23 - (2 - 3) - (1341 - 1355)) + -6?
-14
(54 - 28) + -8 - (54 - 99)
63
What is the value of 74 - (-156 + 40 + 192)?
-2
Evaluate -103 + (8 - (44 - 29)) + 2 + (1 - -1).
-106
What is 7 + -22 + 9 - (-102 - (-4 + 10 - 12))?
90
24 + 1 + 41 - 14
52
305 + -336 - (1 - (-1 - (-3 - 1)))
-29
Evaluate -33 + -69 + 18 + (-61 - -21).
-124
43 + -5 + -68 - (-1 + (3 - 3 - 1))
-28
Evaluate -162 + 185 + (2 - 7 - -19).
37
Calculate (23 - (-2 + 14 + 10)) + -23 + 59.
37
What is -29 - (4 - (52 - -11))?
30
Calculate 307 + -369 - (-27 - 4).
-31
What is the value of (-16 - (6 - 63)) + (20 - 15) + -2 + 1?
45
What is (-132 - -2) + (8 - (5 + 12)) + 14 + 2?
-123
What is the value of 2396 + -2379 + 0 + -1?
16
What is the value of (29 - 10) + -12 + 40 + 24?
71
What is -26 + (39 - -11) + -29?
-5
What is 35 - (78 + -41 + -14) - (-1 - -2 - -12)?
-1
-1131 + 1140 - (40 - 0)
-31
Evaluate -2 + -1 + (-8 - -6) + 1 + -14 + 116.
98
Evaluate (26 - -56) + -124 + -69.
-111
67 - 2 - (-1844 + 1875)
34
-53 - (8 + -14) - (-139 + 137)
-45
What is the value of -42 + 2 + (-1 - -4 - (31 - 38))?
-30
Evaluate 3 - 8 - (-8 + 40 + 6 + 5 + -3).
-45
What is the value of 35 - (15 - (-126 - (-35 - -23)))?
-94
What is -15296 + 15289 - (-76 - (-2 - -3 - 2))?
68
Calculate -14 + -3 + 17 - 59 - (-2 + -18).
-39
Evaluate 94 - (-59 - -140 - 82).
95
Evaluate 66 - ((249 - 94) + -72).
-17
What is -2 + 5 + -1 - (-81 + 10 + -17) - 9?
81
What is the value of 64 + 1 + -1169 + 1187?
83
Calculate 116 - (62 + 65 + -84).
73
What is (-4 - -2 - 4) + (22 - -1 - 9)?
8
79 + -160 + 72 + 13
4
11 + ((7 - (-2 - 10) - 9) + 6 - 6)
21
Calculate -2 - 5 - ((58 - 5 - 9) + (4 - 14)).
-41
What is the value of (-695 - -251 - -493) + (-5 - -1)?
45
18 + -9 + -4 + -9 + 42 + 9
47
What is the value of (23 - (22 + 16 + -32) - -22) + -12?
27
Calculate -2 + 23 - (-23 + (6 - -24) + 6 + -3).
11
What is the value of 1 - (13 + -2) - ((-10 - 15) + 28 + 8)?
-21
-4 + (0 - 0) - (102 - 60) - (249 + -246)
-49
7 + 9 + 0 + (-64 - -44) + (3 - -7)
6
Evaluate 38 + -26 + -18 + (9 - -2) - (-9 - 0).
14
What is the value of -54 + 1 - -66 - 53?
-40
What is 35 - (30 - (32 - 71))?
-34
What is the value of 102 + (-87 - -129) + -14?
130
What is -21 + 59 - 80 - -69?
27
(-3783 - -3760) + -4 + 2 + 30
5
What is 2 + (-24 - (-33 - 22))?
33
Evaluate (410 + -326 - 80) + (19 - (2 - (-1 + 1))).
21
What is 5 - -1 - (-6 + -28 + 0)?
40
(2 - 1 - 69) + 9278 + -9267
-57
Calculate (-999 - -997) + (-5 + -2 - 0) - 22.
-31
What is the value of (-121 - -22) + 153 + (-1 + 15 - -2)?
70
Calculate (-35 - 6) + 1 + -4 + 41 + -32.
-35
What is the value of -10 + (149 + -71 - (5 + 9))?
54
What is the value of 3 + -13 + (7 - 23 - (-6 + 7 + -50))?
23
Calculate (700 - 744) + 0 + -4.
-48
Calculate (-317 - -368) + (-39 - 2) - (-45 - (1 - 2)).
54
What is 24 + (-106 - (22 - 26)) + 4 + 2 + 0?
-72
What is 513 + -609 + (11 - -81)?
-4
Evaluate (-14 - -1) + -53 + -8 + 109.
35
What is 40 - (-37 - -13 - -22 - -1)?
41
Calculate (-3 - 19)